he millions digit of 20724521?
0
What is the hundreds digit of 4077274625?
6
What is the tens digit of 1778253137?
3
What is the billions digit of 6471527038?
6
What is the tens digit of 35318728?
2
What is the units digit of 59651687?
7
What is the millions digit of 8287669?
8
What is the ten thousands digit of 30906219?
0
What is the hundred millions digit of 1597369144?
5
What is the hundred thousands digit of 2258384?
2
What is the ten thousands digit of 113443153?
4
What is the units digit of 72355707?
7
What is the hundreds digit of 106896869?
8
What is the ten millions digit of 4440350434?
4
What is the hundreds digit of 273824198?
1
What is the hundred thousands digit of 15619793?
6
What is the hundred thousands digit of 142078111?
0
What is the tens digit of 1228871401?
0
What is the hundred thousands digit of 95438104?
4
What is the hundred millions digit of 465535458?
4
What is the tens digit of 15105795?
9
What is the millions digit of 5391780994?
1
What is the millions digit of 4106542436?
6
What is the ten millions digit of 10794917?
1
What is the hundreds digit of 6630298?
2
What is the tens digit of 8513581554?
5
What is the thousands digit of 93258561?
8
What is the hundreds digit of 89714272?
2
What is the ten thousands digit of 49495936?
9
What is the thousands digit of 19195970?
5
What is the ten thousands digit of 4390192706?
9
What is the hundreds digit of 93124305?
3
What is the thousands digit of 8727324?
7
What is the millions digit of 202342412?
2
What is the ten millions digit of 1498266932?
9
What is the ten thousands digit of 158093423?
9
What is the hundreds digit of 1488844395?
3
What is the millions digit of 133047274?
3
What is the ten millions digit of 401120533?
0
What is the millions digit of 13370638?
3
What is the tens digit of 119375037?
3
What is the thousands digit of 169173257?
3
What is the ten thousands digit of 1873012951?
1
What is the hundred thousands digit of 864544929?
5
What is the ten millions digit of 76946235?
7
What is the ten thousands digit of 159269365?
6
What is the units digit of 128228260?
0
What is the hundreds digit of 4486322740?
7
What is the hundreds digit of 68152465?
4
What is the thousands digit of 900975907?
5
What is the ten millions digit of 271169596?
7
What is the hundred millions digit of 757647223?
7
What is the ten thousands digit of 66072200?
7
What is the ten millions digit of 104451561?
0
What is the units digit of 5991830723?
3
What is the tens digit of 1231957680?
8
What is the ten thousands digit of 85859077?
5
What is the ten thousands digit of 1556452517?
5
What is the millions digit of 65728375?
5
What is the ten thousands digit of 23652356?
5
What is the thousands digit of 48409575?
9
What is the hundreds digit of 285270836?
8
What is the ten millions digit of 1245997524?
4
What is the hundred thousands digit of 1461243404?
2
What is the hundred thousands digit of 39102296?
1
What is the hundred thousands digit of 516162044?
1
What is the thousands digit of 98949726?
9
What is the millions digit of 44977902?
4
What is the hundreds digit of 6268239814?
8
What is the units digit of 3901711329?
9
What is the hundreds digit of 445923273?
2
What is the hundred thousands digit of 107514909?
5
What is the hundreds digit of 1555094990?
9
What is the tens digit of 1188995685?
8
What is the ten millions digit of 264509898?
6
What is the millions digit of 18377006?
8
What is the ten thousands digit of 359158291?
5
What is the hundred millions digit of 2229821731?
2
What is the millions digit of 303251653?
3
What is the units digit of 61027255?
5
What is the tens digit of 213943172?
7
What is the hundred thousands digit of 958502103?
5
What is the hundreds digit of 49394720?
7
What is the units digit of 144921380?
0
What is the hundred thousands digit of 6192437?
1
What is the ten millions digit of 88624853?
8
What is the millions digit of 103262462?
3
What is the units digit of 814736817?
7
What is the ten millions digit of 110465367?
1
What is the ten thousands digit of 203482421?
8
What is the hundreds digit of 46211687?
6
What is the tens digit of 10824046?
4
What is the hundred thousands digit of 392585?
3
What is the thousands digit of 136556507?
6
What is the tens digit of 1655478?
7
What is the hundred thousands digit of 98040373?
0
What is the units digit of 28011371?
1
What is the hundred millions digit of 602805228?
6
What is the units digit of 240357844?
4
What is the thousands digit of 75643636?
3
What is the hundreds digit of 6737817410?
4
What is the ten thousands digit of 139261680?
6
What is the thousands digit of 947455178?
5
What is the thousands digit of 4595855458?
5
What is the hundred thousands digit of 42316208?
3
What is the hundred thousands digit of 843763295?
7
What is the hundred millions digit of 107334858?
1
What is the units digit of 69398851?
1
What is the millions digit of 85424855?
5
What is the hundred thousands digit of 62959809?
9
What is the tens digit of 1423663990?
9
What is the tens digit of 185616838?
3
What is the hundreds digit of 265655147?
1
What is the ten millions digit of 834774794?
3
What is the hundred thousands digit of 788046092?
0
What is the hundreds digit of 1633572348?
3
What is the ten thousands digit of 43936751?
3
What is the ten millions digit of 47116324?
4
What is the ten thousands digit of 8787638?
8
What is the units digit of 839377045?
5
What is the ten millions digit of 38448897?
3
What is the units digit of 267609148?
8
What is the hundreds digit of 389386546?
5
What is the ten millions digit of 10004697?
1
What is the units digit of 36291993?
3
What is the hundred millions digit of 2039360090?
0
What is the ten thousands digit of 32481147?
8
What is the ten thousands digit of 344286158?
8
What is the units digit of 1208670019?
9
What is the hundred thousands digit of 60479013?
4
What is the ten millions digit of 36800927?
3
What is the thousands digit of 1007408911?
8
What is the millions digit of 57320358?
7
What is the ten thousands digit of 17622061?
2
What is the units digit of 167231127?
7
What is the ten millions digit of 191428783?
9
What is the millions digit of 2730460908?
0
What is the ten thousands digit of 993386077?
8
What is the hundred millions digit of 2213218621?
2
What is the hundred thousands digit of 353546870?
5
What is the ten millions digit of 5519888667?
1
What is the hundred thousands digit of 1643007770?
0
What is the hundreds digit of 1119929882?
8
What is the ten thousands digit of 1668696543?
9
What is the billions digit of 5706877096?
5
What is the hundred thousands digit of 868276672?
2
What is the ten millions digit of 158095690?
5
What is the hundreds digit of 145449301?
3
What is the ten thousands digit of 245849468?
4
What is the hundred thousands digit of 55547474?
5
What is the hundreds digit of 1732910035?
0
What is the units digit of 32413573?
3
What is the ten millions digit of 408712664?
0
What is the tens digit of 293803953?
5
What is the tens digit of 730418041?
4
What is the units digit of 2570121040?
0
What is the millions digit of 50724819?
0
What is the tens digit of 95064903?
0
What is the hundred thousands digit of 295124306?
1
What is the tens digit of 12218911?
1
What is the units digit of 1985442803?
3
What is the hundreds digit of 671929444?
4
What is the thousands digit of 159139975?
9
What is the billions digit of 2486526745?
2
What is the units digit of 811077926?
6
What is the hundreds digit of 90032180?
1
What is the ten millions digit of 243718286?
4
What is the ten thousands digit of 102378157?
7
What is the tens digit of 118435688?
8
What is the hundreds digit of 115864200?
2
What is the ten thousands digit of 1386844385?
4
What is the hundred thousands digit of 10305882?
3
What is the units digit of 8347738?
8
What is the thousands digit of 126705830?
5
What is the units digit of 8976271613?
3
What is the ten millions digit of 21162263?
2
What is the billions digit of 1898007380?
1
What is the millions digit of 1311752739?
1
What is the tens digit of 675610107?
0
What is the millions digit of 39437638?
9
What is the ten millions digit of 2758121793?
5
What is the units digit of 987651200?
0
What is the units digit of 38296111?
1
What i